*v(n) + 5*y(n). Calculate q(-10).
44
Let d = -2 - -4. Suppose 0*n - 4*r - 3 = -n, 0 = -3*n + 5*r + 9. Let i(f) = n - 10*f + 5*f - f. What is i(d)?
-9
Let w(q) = -q + 4. Let c(d) = -d**3 + 11*d**2 - 10*d + 7. Let t be ((-4)/(-6))/(10/645). Suppose 0 = 3*j - t + 13. Let g be c(j). What is w(g)?
-3
Let q(f) = 11*f - 13 - f**3 - 734*f**2 + 368*f**2 + 356*f**2. What is q(-11)?
-13
Let c(y) = 93*y + 2. Suppose -38 = 6*a - 44. Give c(a).
95
Let n(z) = -6*z + 5. Suppose 5*m = -5*i + 40, 3*i + 5 = m - 23. What is n(m)?
-73
Let t(r) be the first derivative of 1/6*r**3 - 1/120*r**6 + 0*r - 15/2*r**2 - 1/6*r**4 + 17 + 1/12*r**5. Let v(p) be the second derivative of t(p). Give v(4).
1
Let l(p) = p**2 + 9*p - 3. Let n be l(-9). Let j(u) be the third derivative of -u**4/24 + 7*u**3/6 + 3890*u**2. Determine j(n).
10
Let c(m) = -m**3 - 6*m**2 - 7. Let y = 1 - -1. Suppose 0 = y*n + 5*d - 37 + 13, 26 = 5*n + 4*d. Suppose l + 2 = 2*j - 4*j, 4 = n*j. Give c(l).
-7
Let q(x) = -x**3 + 8*x**2 - 8*x + 4. Suppose 0*u = -11*u + 33. Suppose -u*m + 54 = -0*m. Suppose -m = -7*i + 31. Give q(i).
-3
Let a(p) = 16*p - 37*p**3 + 1 - 34*p**3 + 0 - 14*p + 90*p**3 + 0. Suppose 2*g = -3*g - 5. Give a(g).
-20
Let c(t) = 4*t**2 + 17*t + 10. Let i(j) = 9*j - 38. Let n be i(4). Let l(w) = -w**2 - 4*w - 2. Let v(y) = n*c(y) - 9*l(y). What is v(2)?
6
Let a(p) = 5*p**3 + 11*p**2 + 6*p + 3. Let c(x) = -4*x**3 - 11*x**2 - 7*x - 2. Let n(v) = -5*a(v) - 6*c(v). Give n(12).
-3
Suppose 33 = -5*x - f, 113*x = 109*x + 3*f + 4. Let q(r) = 22*r + 11. Calculate q(x).
-99
Let k(q) = -q**3 - 6*q**2 + 7*q - 10. Let w(n) = 4*n + 4. Let o be w(9). Suppose 3*t - 5*s = -126, 29*s = 5*t + 34*s + 250. Let p = o + t. What is k(p)?
-10
Suppose 0 = 107*u + 316*u + 129 - 2667. Let p(j) = j**2 - 8*j - 2. Let h(s) = s. Let w(t) = 4*h(t) + p(t). What is w(u)?
10
Let d(k) be the third derivative of 1/120*k**6 + 0 - 1/3*k**4 - 77*k**2 - 2/15*k**5 - k**3 + 0*k. Give d(9).
3
Let t(c) be the first derivative of -c**3 - 3*c**2/2 - 3*c - 1767. Determine t(4).
-63
Let n = -33 - -36. Suppose -5*o = -o - u + 31, n*o + u = -18. Let t be (-4)/3*(9 - (o + 10)). Let a(v) = v**2 + 9*v + 2. Give a(t).
-6
Let z(k) be the third derivative of -k**6/20 + k**5/30 - k**4/24 + k**3/6 - k**2. Suppose 496 - 237 = 253*n - 247. What is z(n)?
-41
Let k(s) be the second derivative of s**5/20 + s**4/2 - 2*s**3/3 + 3*s**2 - 2*s - 2725. Let m be 38/(-6) - 4/6. Determine k(m).
-15
Let p(a) = 7*a + 10*a**2 - 6*a + 2 + 8*a - 5*a**3 + 6*a**3. Let d = -325 - -327. Suppose 0*m - m - d*r = 1, -4*m = -3*r + 48. Calculate p(m).
2
Let t(a) be the second derivative of -a**4/6 - a**3/3 + 3*a**2 + a - 4132. Determine t(4).
-34
Let y(m) = 9*m**2 - 1. Suppose 9*u - 8*u = -2. Let i be (-4 + 1)/((-37)/(-20) + u). Suppose 0 = -13*g + i*g + 7. Determine y(g).
8
Let u = -4162 - -4165. Let o(m) = m**3 - 4*m**2 + 23*m - 61. What is o(u)?
-1
Suppose -9*j = -332 + 89. Let b be (3 - j/6)*(-8)/6. Suppose -4*l + 2*y + b = 0, l + 3*y + 14 = -3. Let t(h) = -4*h - 1. Determine t(l).
7
Let y(m) = -12*m**2 - 246*m - 19. Let o(r) = 17*r**2 + 346*r + 29. Let f(a) = 5*o(a) + 7*y(a). Give f(-6).
0
Let t(s) = -2*s - 23. Suppose -30 = 2*m + 3*c, 0 = -4*m + 6*c - 4*c - 92. Determine t(m).
19
Let z(h) = -8*h - 105. Let x be (-1)/(6/(-28))*(-4014)/1561. Determine z(x).
-9
Let w(o) = -4*o + 1 + 2 + 2*o. Let l be ((-8)/5 - 14/35) + 86. Let i = l - 79. Determine w(i).
-7
Let x(f) = 15 - 32675*f + 32678*f + 1. Determine x(-8).
-8
Let v(j) = 5*j**2 + 4*j + 11. Let n(p) = p**2 - p + 1. Let u be (2/6)/((-3)/9) + 0. Let t(k) = u*v(k) + 6*n(k). Determine t(10).
-5
Let o(w) = 25*w**2 - w. Let z be (-2*2/(-12))/(34/204). Suppose -7 = -5*s + 3, s = -z*g + 4. Give o(g).
24
Suppose 23 = -2*z - 5*p, 0 = 70*z - 66*z - 2*p + 10. Let c(q) = q**3 + 7*q**2 - 4. Calculate c(z).
44
Let a(i) = 11*i + 16. Let s(y) = 3*y + 4. Let d = 36 + -27. Let q(j) = d*s(j) - 2*a(j). What is q(-6)?
-26
Let h(r) = -32*r - 2. Let x(f) = 139*f + 8. Let c(t) = 51*h(t) + 12*x(t). Calculate c(2).
66
Let b(j) = 25*j**2 - 201*j + 3. Let v be b(8). Let r(p) = p**3 + 5*p**2 + 5*p - 1. Calculate r(v).
-26
Let i(d) = -1766*d + 3. Let u(g) = g + 1. Let r(z) = -i(z) + 5*u(z). Let m be r(1). Let q(c) = -1773 + m + c**3 + c - 4*c**2. Determine q(4).
4
Let r be 261/6 - (-12)/(-8). Suppose 5*g + r = 147. Let w(q) = g*q - 15*q + 1 - 7*q. What is w(-3)?
4
Let n be 238/(-595) - ((-42)/5 - -1). Let j(x) = n + 0 + 524*x + 2*x**2 - 3*x**2 - 531*x. Give j(-9).
-11
Suppose -3*n + 3*h - 135 = 0, -n - 2*h = -103 + 160. Let r(x) = x**3 + 48*x**2 - 49*x + 7. Determine r(n).
7
Let w(i) = i**2 + 8*i - 4. Let k be 4/(-8) - (-3)/(-2). Let b = k + -9. Let v be 3/(-2) + b/2. Calculate w(v).
-11
Let k(v) = -12*v**3 - 45*v**2 - 29*v. Let s(h) = 12*h**3 + 39*h**2 + 25*h. Let z(q) = 6*k(q) + 7*s(q). What is z(-2)?
-86
Let d = -138 - -156. Suppose 3*y = 2*l + 11, -4*l - l = 2*y + d. Let i(v) = 0*v - 9 + 8 - 2*v + 4*v. Calculate i(l).
-9
Let z(h) = 2974*h - 2974*h - 11 - 3*h**2 + 0. Determine z(6).
-119
Let m = -62 + 64. Let v(s) = 0*s**m + 3*s**2 - 13*s**2 - 3*s + 2 + 8*s**2. Calculate v(-3).
-7
Let h(m) be the first derivative of -m**4/4 + 10*m**3/3 - m**2/2 + 20*m + 1305. What is h(10)?
10
Let q(p) be the third derivative of -p**5/30 + p**4/4 + 5*p**3/6 + 1006*p**2. Let z(j) = -j - 3. Let u be z(-8). Determine q(u).
-15
Let p(s) = 3*s**2 + 32*s + 16. Let l(y) = -2*y**3 - 156*y**2 + 204*y + 3625. Let a be l(-79). Calculate p(a).
-29
Suppose 12 - 4 = 4*l. Let g(d) = -4 - 1 + l*d - 4*d. Suppose 0 = i + 2*v + 3, -317*v = -5*i - 319*v - 23. Determine g(i).
5
Suppose -26 = 7*r - 68 + 14. Let v(j) = -2*j**2. Calculate v(r).
-32
Let w(i) = -18*i + 5. Suppose 0 = -17*a - 34 + 85. Let h(s) = -8*s + 3. Let n(j) = a*w(j) - 7*h(j). Determine n(8).
10
Let h(a) = -644*a + 641*a - 11 - 1. Calculate h(-2).
-6
Suppose -13*o + 34 = -5. Let u(h) = 15. Let y(f) = -13. Let z(g) = 6*u(g) + 7*y(g). Let c(p) = 5*p - 2. Let w(k) = -c(k) - 2*z(k). Calculate w(o).
-11
Let v(b) = -3*b**2 - 7*b - 7. Let n be v(-2). Let k(z) = 4*z - 13. Let x(r) = -3*r + 9. Let w(h) = n*k(h) - 7*x(h). Give w(9).
11
Let c(o) = -o**2 + o - 1. Let j(a) = a**2 + 5*a + 10. Let h(x) = 2*c(x) + j(x). Suppose 206*i - 153 = 189*i. What is h(i)?
-10
Let s(y) = 4*y**3 - 12*y**2 - 32*y - 17. Let v(a) = 5*a**3 - 13*a**2 - 36*a - 20. Let d(o) = 4*s(o) - 3*v(o). Give d(11).
14
Let u(o) = 3*o - 16. Let m(w) = -2*w**3 + 10*w**2 + 27*w + 17. Let c be m(7). Calculate u(c).
14
Let u(t) = -t**2 + 7*t - 6. Suppose -240*a + 241*a = 3. Let k = -11 - -15. Let h be 0 + (5 - (k - a)). What is u(h)?
6
Let j = 4 - 5. Suppose 19*p = 6*p + 104. Let i(y) = -p*y - 3*y + 1 - 5*y + 14*y. What is i(j)?
3
Let h(i) = 3 - 6*i**2 + 15*i**2 + 2*i**3 - 2 - i - 10*i**2. Let n(z) = 3*z**3 - 2*z**2 - 2*z + 2. Let b(v) = -5*h(v) + 3*n(v). What is b(0)?
1
Suppose 4*x = 3*m - 3, -3*x - 10 = -3*m - 4. Let o(v) = 6*v - 7. Give o(m).
23
Let h be ((-164)/(-615))/((-2)/5) - 10/3. Let i(f) = f**3 + 6*f**2 - 20. What is i(h)?
12
Let x(n) = 6 - 7*n - 8982*n**2 + 4491*n**2 + 12*n + 10*n + 4489*n**2. What is x(7)?
13
Let d be (13 - 18) + 4 + -3. Let l(r) = 3*r**2 - 5*r + 2. Determine l(d).
70
Suppose -56*p + 32 = -304. Let x(u) = -2*u**2 - 31*u + 40. Let d(k) = -k**2 - 15*k + 18. Let y(l) = p*x(l) - 13*d(l). What is y(-10)?
16
Let t(y) = -y**2 + 9*y - 7. Suppose 0 = 2*x + 3*v - 8, 4*x + 4*v = -0*x + 16. Suppose x*p + 49 = 9. Let f be (-26)/(-4) + p/(-20). Calculate t(f).
7
Let i(b) = 5*b**2 + 7*b + 5. Suppose -1218 - 450 = 417*f. Determine i(f).
57
Let t be 29 - ((-13 - -7) + 9). Suppose -119 = t*c - 9*c. Let n(w) = -w**3 - 6*w**2 + 7*w - 7. Give n(c).
-7
Let n(z) = 5*z + 9. Let d(o) be the second derivative of -3*o**3 - 48*o**2 - 23*o - 2. Let u be d(-5). Determine n(u).
-21
Let s(z) = z - 6. Let g = -86 - -255. Let d = -171 + g. What is s(d)?
-8
Let k = 5 + -1. Suppose -4*t + 35*o = 39*o - 32, 4*t - 4*o - 32 = 0. Let x(u) = -5*u + t*u - 2*u - 3*u - k. What is x(-5)?
6
Let q(g) be the third derivative of -g**5/15 - 35*g**4/8 + 35*g**3/2 - 9461*g**2. Give q(1).
-4
Let u be 207/92 + 6/8 - -253. Suppose u - 240 = -2*i. Let z(d) = -d**2 - 7*d + 1. What is z(i)?
-7
Let d(b) = 3*b - 114. Suppose 0 = -567*g + 590*g - 736. Determine d(g).
-18
Let b(t) = t**2 - 4*t - 